{"id":122,"date":"2021-07-24T08:40:06","date_gmt":"2021-07-24T08:40:06","guid":{"rendered":"https:\/\/hidk.hr\/zphdk\/?page_id=116"},"modified":"2023-02-14T17:02:31","modified_gmt":"2023-02-14T17:02:31","slug":"suradnici","status":"publish","type":"page","link":"https:\/\/hidk.hr\/zphdk\/suradnici\/","title":{"rendered":"Suradnici"},"content":{"rendered":"<h5>Tekstove za mre\u017enu stranicu Znameniti pisci hrvatske dje\u010dje knji\u017eevnosti pripremili:<\/h5>\n<p>dr. sc. Ana Batini\u0107, Odsjek za povijest hrvatske knji\u017eevnosti Zavoda za povijest hrvatske knji\u017eevnosti, kazali\u0161ta i glazbe HAZU<\/p>\n<p>dr. sc. \u0160tefka Batini\u0107, Hrvatski \u0161kolski muzej<\/p>\n<p>Kristina Giacometti, O\u0160 Ivana viteza Trnskog, Nova Ra\u010da<\/p>\n<p>dr. sc. Dubravka Zima, Fakultet hrvatskih studija, Sveu\u010dili\u0161te u Zagrebu<\/p>\n<p>&nbsp;<\/p>\n<p><a href=\"https:\/\/hidk.hr\/en\/clanovi\/\">Vi\u0161e o suradnicima<\/a><\/p>\n<p>&nbsp;<\/p>\n<h5>Zahvale<\/h5>\n<p>Na ustupljenim slikovnim materijalima zahvaljujemo:<\/p>\n<p>Muzeju grada Zagreba<\/p>\n<p>Hrvatskom \u0161kolskom Muzeju<\/p>\n<p>Sanji Pili\u0107<\/p>\n<p>Iskri Ivelji\u0107<\/p>\n","protected":false},"excerpt":{"rendered":"<p>Tekstove za mre\u017enu stranicu Znameniti pisci hrvatske dje\u010dje knji\u017eevnosti pripremili: dr. sc. Ana Batini\u0107, Odsjek za povijest hrvatske knji\u017eevnosti Zavoda za povijest hrvatske knji\u017eevnosti, kazali\u0161ta i glazbe HAZU dr. sc. \u0160tefka Batini\u0107, Hrvatski \u0161kolski&#46;&#46;&#46;<\/p>\n","protected":false},"author":1,"featured_media":0,"parent":0,"menu_order":0,"comment_status":"closed","ping_status":"closed","template":"","meta":{"_editorskit_title_hidden":false,"_editorskit_reading_time":0,"_editorskit_is_block_options_detached":false,"_editorskit_block_options_position":"{}","footnotes":""},"class_list":["post-122","page","type-page","status-publish","hentry"],"_links":{"self":[{"href":"https:\/\/hidk.hr\/zphdk\/wp-json\/wp\/v2\/pages\/122","targetHints":{"allow":["GET"]}}],"collection":[{"href":"https:\/\/hidk.hr\/zphdk\/wp-json\/wp\/v2\/pages"}],"about":[{"href":"https:\/\/hidk.hr\/zphdk\/wp-json\/wp\/v2\/types\/page"}],"author":[{"embeddable":true,"href":"https:\/\/hidk.hr\/zphdk\/wp-json\/wp\/v2\/users\/1"}],"replies":[{"embeddable":true,"href":"https:\/\/hidk.hr\/zphdk\/wp-json\/wp\/v2\/comments?post=122"}],"version-history":[{"count":6,"href":"https:\/\/hidk.hr\/zphdk\/wp-json\/wp\/v2\/pages\/122\/revisions"}],"predecessor-version":[{"id":1419,"href":"https:\/\/hidk.hr\/zphdk\/wp-json\/wp\/v2\/pages\/122\/revisions\/1419"}],"wp:attachment":[{"href":"https:\/\/hidk.hr\/zphdk\/wp-json\/wp\/v2\/media?parent=122"}],"curies":[{"name":"wp","href":"https:\/\/api.w.org\/{rel}","templated":true}]}}